83?
13
Calculate the remainder when 269153 is divided by 21.
17
What is the remainder when 1427860 is divided by 17?
13
Calculate the remainder when 34003 is divided by 1000.
3
What is the remainder when 547 is divided by 80?
67
What is the remainder when 21207 is divided by 47?
10
What is the remainder when 89431 is divided by 35?
6
What is the remainder when 145355 is divided by 7650?
5
Calculate the remainder when 36108 is divided by 148.
144
What is the remainder when 318 is divided by 131?
56
Calculate the remainder when 121172 is divided by 49.
44
Calculate the remainder when 3254 is divided by 50.
4
What is the remainder when 24171 is divided by 186?
177
Calculate the remainder when 2086 is divided by 9.
7
What is the remainder when 1449786 is divided by 108?
102
Calculate the remainder when 21171 is divided by 2644.
19
Calculate the remainder when 5724 is divided by 166.
80
What is the remainder when 329649 is divided by 5?
4
What is the remainder when 13122 is divided by 257?
15
What is the remainder when 115999 is divided by 1261?
1248
What is the remainder when 8408 is divided by 1190?
78
Calculate the remainder when 85473 is divided by 17092.
13
Calculate the remainder when 80290 is divided by 8028.
10
Calculate the remainder when 1026 is divided by 703.
323
What is the remainder when 586222 is divided by 108?
106
What is the remainder when 3313 is divided by 4?
1
What is the remainder when 167119 is divided by 3798?
7
What is the remainder when 3198 is divided by 66?
30
What is the remainder when 683 is divided by 321?
41
Calculate the remainder when 17930 is divided by 98.
94
What is the remainder when 907 is divided by 361?
185
What is the remainder when 594964 is divided by 646?
644
Calculate the remainder when 51660 is divided by 427.
420
What is the remainder when 30018 is divided by 6001?
13
What is the remainder when 15162 is divided by 25?
12
What is the remainder when 1484 is divided by 33?
32
Calculate the remainder when 396414 is divided by 3146.
18
Calculate the remainder when 596299 is divided by 16.
11
What is the remainder when 4461 is divided by 134?
39
What is the remainder when 282 is divided by 54?
12
What is the remainder when 6271 is divided by 481?
18
Calculate the remainder when 20884 is divided by 12.
4
Calculate the remainder when 459 is divided by 20.
19
What is the remainder when 72509 is divided by 10356?
17
Calculate the remainder when 147023 is divided by 389.
370
Calculate the remainder when 135614 is divided by 104.
102
What is the remainder when 7126 is divided by 851?
318
Calculate the remainder when 7771 is divided by 1545.
46
What is the remainder when 1385 is divided by 7?
6
Calculate the remainder when 6518 is divided by 723.
11
What is the remainder when 1574848 is divided by 10?
8
Calculate the remainder when 41353 is divided by 2063.
93
What is the remainder when 36256 is divided by 43?
7
What is the remainder when 46791 is divided by 130?
121
What is the remainder when 11486 is divided by 15?
11
Calculate the remainder when 598782 is divided by 3290.
2
What is the remainder when 34704 is divided by 11?
10
Calculate the remainder when 9193 is divided by 2098.
801
What is the remainder when 41144 is divided by 6837?
122
Calculate the remainder when 679 is divided by 117.
94
What is the remainder when 445 is divided by 429?
16
What is the remainder when 1522412 is divided by 692?
12
Calculate the remainder when 18173 is divided by 2019.
2
What is the remainder when 884894 is divided by 865?
864
Calculate the remainder when 203500 is divided by 112.
108
Calculate the remainder when 74653 is divided by 67.
15
What is the remainder when 10943 is divided by 16?
15
Calculate the remainder when 4609 is divided by 4554.
55
Calculate the remainder when 2693 is divided by 3.
2
Calculate the remainder when 43534 is divided by 714.
694
Calculate the remainder when 25469 is divided by 128.
125
Calculate the remainder when 56426 is divided by 55.
51
What is the remainder when 10281 is divided by 151?
13
What is the remainder when 412958 is divided by 6999?
17
Calculate the remainder when 57022 is divided by 228.
22
Calculate the remainder when 800220 is divided by 27.
21
Calculate the remainder when 24387 is divided by 3998.
399
Calculate the remainder when 2943 is divided by 972.
27
Calculate the remainder when 7860 is divided by 4.
0
What is the remainder when 63243 is divided by 83?
80
What is the remainder when 20637 is divided by 60?
57
Calculate the remainder when 29434 is divided by 11.
9
Calculate the remainder when 18441 is divided by 3072.
9
What is the remainder when 1968 is divided by 9?
6
Calculate the remainder when 3735 is divided by 1225.
60
Calculate the remainder when 4335 is divided by 4285.
50
What is the remainder when 24475 is divided by 12228?
19
What is the remainder when 17369 is divided by 31?
9
Calculate the remainder when 81719 is divided by 40849.
21
Calculate the remainder when 3200717 is divided by 233.
229
Calculate the remainder when 5880 is divided by 1883.
231
Calculate the remainder when 131173 is divided by 370.
193
What is the remainder when 2680737 is divided by 49?
45
What is the remainder when 52318 is divided by 163?
158
What is the remainder when 48182 is divided by 12045?
2
Calculate the remainder when 3568 is divided by 229.
133
Calculate the remainder when 16197 is divided by 16060.
137
What is the remainder when 16268 is divided by 68?
16
Calculate the remainder when 116173 is divided by 11616.
13
Calculate the remainder when 9770 is divided by 1460.
1010
Calculate the remainder when 53796 is divided by 8958.
48
Calculate the remainder when 98594 is divided by 346.
330
What is the remainder when 142983 is divided by 244?
243
What is the remainder when 9714 is divided by 2703?
1605
Calculate the remainder when 8026 is divided by 205.
31
Calculate the remainder when 38273 is divided by 339.
305
Calculate the remainder when 2574 is divided by 45.
9
Calculate the remainder when 93785 is divided by 48.
41
What is the remainder when 38956 is divided by 302?
300
Calculate the remainder when 33147 is divided by 127.
0
What is the remainder when 432 is divided by 384?
48
What is the remainder when 115 is divided by 27?
7
What is the remainder when 9456 is divided by 473?
469
What is the remainder when 16385 is divided by 321?
14
Calculate the remainder when 23798 is divided by 29.
18
Calculate the remainder when 8623 is divided by 261.
10
Calculate the remainder when 106256 is divided by 617.
132
Calculate the remainder when 14100 is divided by 877.
68
What is the remainder when 8479 is divided by 1171?
282
Calculate the remainder when 2657 is divided by 102.
5
What is the remainder when 58471 is divided by 8?
7
Calculate the remainder when 2932 is divided by 51.
25
Calculate the remainder when 4341146 is divided by 31.
30
What is the remainder when 6019 is divided by 1234?
1083
Calculate the remainder when 3374 is divided by 140.
14
Calculate the remainder when 2573 is divided by 504.
53
What is the remainder when 179821 is divided by 134?
127
What is the remainder when 37598 is divided by 3126?
86
Calculate the remainder when 6375 is divided by 10.
5
What is the remainder when 30798 is divided by 76?
18
Calculate the remainder when 65449 is divided by 32.
9
What is the remainder when 76893 is divided by 72?
69
What is the remainder when 13743 is divided by 1524?
27
What is the remainder when 7470702 is divided by 285?
282
What is the remainder when 9108 is divided by 20?
8
What is the remainder when 1833 is divided by 369?
357
What is the remainder when 68496 is divided by 49?
43
Calculate the remainder when 120006 is divided by 137.
131
What is the remainder when 3650939 is divided by 540?
539
What is the remainder when 1690 is divided by 111?
25
Calculate the remainder when 24563 is divided by 361.
15
What is the remainder when 2606 is divided by 371?
9
Calculate the remainder when 25656 is divided by 225.
6
Calculate the remainder when 1299 is divided by 368.
195
Calculate the remainder when 35654 is divided by 86.
50
What is the remainder when 415 is divided by 209?
206
What is the remainder when 16649 is divided by 1?
0
What is the remainder when 9781 is d